 n(d) = 13*d - 10. Let m be n(7). Suppose m = p + 85. Let l = -2 - p. What is the highest common divisor of 5 and l?
1
Suppose -23*z - 15*z = -19456. Calculate the greatest common factor of 2 and z.
2
Let h be 33 + (-20)/((-5)/1). Suppose u + 2*p = 72, -h = 4*u - 3*p - 325. What is the greatest common divisor of 408 and u?
24
Suppose -34 = 4*o + 3*b, -o - 2*b + 44 = -5*o. Let a be ((3800/30)/o)/((-2)/201). What is the greatest common factor of a and 67?
67
Let j be ((-3724)/57)/28*(-1240 + 2/2). What is the greatest common divisor of j and 21?
7
Let r(t) = t**3 + 33*t**2 - 26. Let b be r(-33). Let m be 34/(-442) - 2342/b. What is the greatest common factor of m and 45?
45
Suppose -106*k + 4*j = -101*k - 523, -4*j - 28 = 0. What is the greatest common factor of k and 88?
11
Let p = -54 - 42. Let s = p + 97. Let k = -16 + 22. What is the greatest common divisor of s and k?
1
Suppose -5*s + 2*w = -1790 + 276, 5*w = 15. Suppose 3*v + 4*c - s = v, -c = -4*v + 608. Calculate the greatest common divisor of v and 8.
8
Suppose -4*r - h = -161, -r - 3*r = 3*h - 163. Let l = -39 + 39. Suppose q + a - 19 = l, 3*a = 2*q + 4*a - 35. What is the greatest common divisor of q and r?
8
Let a = 8523 - 8427. What is the highest common factor of a and 288?
96
Suppose 0 = -o + 2*n + 78 - 29, 0 = 5*o - 4*n - 251. What is the greatest common divisor of 18 and o?
3
Let c = 14768 - 14528. What is the highest common divisor of 210 and c?
30
Let b = 1493 - 1387. What is the greatest common divisor of 2 and b?
2
Let o be (-2)/3*(-594)/9. Let z(u) = 2*u**2 + 16*u. Let b be z(-11). Let l = b + -55. What is the greatest common divisor of o and l?
11
Let r = 109 + -71. Let c(j) = -49*j**2 + 1740*j - 799. Let l be c(35). Calculate the greatest common factor of r and l.
38
Suppose 2*r + 6*u - 8490 = 10*u, -4*r = 3*u - 16947. Calculate the greatest common factor of 157 and r.
157
Let y = 13637 + -13634. Calculate the greatest common divisor of 1301 and y.
1
Let f be (0 + 68)*24/(-128)*-20. Let h = f + -190. Calculate the greatest common factor of 39 and h.
13
Let a = 16 + 23. Suppose -7*i + 3*i + 572 = 0. What is the greatest common divisor of a and i?
13
Let y(k) = 4*k + 87. Let j be y(-22). Let x be 2*(j + (189/6)/(-7)). Let f be (-2)/x - 2/(-44)*2746. What is the highest common divisor of 25 and f?
25
Let r be (-2)/(-1)*(-1050)/(-60). Let p be ((-3)/(-5))/(r/3150). What is the greatest common factor of 4 and p?
2
Let h be 1/3 - 89/(-3). Suppose 28*l = -551 - 37. Let i = h + l. What is the greatest common divisor of i and 1?
1
Let x = -267 + 337. Suppose m = 3*h - 3*m + 52, -2*h + 4*m = 40. Let t(c) = c**2 + 10*c - 10. Let o be t(h). Calculate the greatest common factor of x and o.
14
Let j(b) = -b**3 + b**2 + 4*b + 6. Let k = 2 + -7. Let d be j(k). Let w be -3 + 19/1 - (-2 - -1). What is the highest common divisor of w and d?
17
Suppose 5*x = 43 - 3. Let a = 11955 + -11707. Calculate the highest common factor of a and x.
8
Let y(a) = -a**2 + 29*a - 24. Let n be 2/(-9) - 5014/(-207). Let u be y(n). Calculate the greatest common factor of 128 and u.
32
Let z be -3*1 + -515*(-1)/5. Suppose 0 = -4*q - 0*q + 3*m + 80, -3*m = -5*q + z. Let w be 4 - 1/(-2)*(2 + q). What is the greatest common divisor of w and 10?
5
Let y(b) = -4*b - 20. Let h be y(-17). Let a = h - 46. Suppose 0 = 7*q - a*q - 180. What is the highest common factor of 288 and q?
36
Let s = 45676 + -42848. Calculate the greatest common divisor of 112 and s.
28
Let n = 1740 - 24. What is the highest common divisor of 594 and n?
66
Let b(g) = g**2 + 16*g - 41. Let p be b(-9). Let w = p - -174. Calculate the highest common divisor of w and 10.
10
Let i = -44 + 63. Suppose -4*c = 4*h - 5 - i, 0 = 4*h - 20. Let o be ((-22)/110)/((-6)/30). What is the greatest common divisor of c and o?
1
Suppose -3*s + 8 = 8. Suppose 17*a + a - 9072 = s. Calculate the highest common factor of a and 14.
14
Let l(y) = 9*y**2 + 240*y + 822. Let w be l(-41). Calculate the highest common divisor of 126 and w.
63
Let t(i) = 4*i**2 - 28*i. Let o = -22 - -44. Let j be t(o). Suppose 21*b = 16*b + j. What is the highest common divisor of b and 33?
33
Let x be 7 - -80 - (-2 - 2). Let u be (-586)/(-2) + x/13. Suppose -42 = -3*r + 48. What is the greatest common factor of r and u?
30
Suppose s + 5*n - 48 = -0*s, 2*s - 68 = -3*n. Suppose 28*p - 3 = 27*p. Suppose -12 = p*b - 24. Calculate the highest common divisor of b and s.
4
Suppose -56*y - 189*y = -8085. What is the greatest common factor of y and 11121?
33
Let i(h) = 124*h**2 + 67*h - 48. Let f be i(14). Calculate the greatest common factor of f and 57.
57
Let r(g) = -3*g**2 + 23*g + 18. Let f be r(7). Let d(j) = j**3 + 7*j**2 - j - 5. Let w be d(-7). Calculate the greatest common divisor of w and f.
2
Let q = -5688 + 5996. What is the highest common factor of q and 476?
28
Let l = -73 + 87. Suppose -l*k + 117 = -23. What is the highest common factor of 4 and k?
2
Let u(a) = -86*a**2 + 24*a - 46. Let b be u(2). Let l = 546 + b. What is the greatest common divisor of 36 and l?
12
Let h(o) = -5*o**2 - 3*o + 4. Let s be h(1). Let f be (144/27 + s)/((-2)/(-6)). Calculate the greatest common divisor of f and 16.
4
Suppose i - 4*q - 696 = 0, -5*q = 29 - 9. What is the greatest common divisor of 140 and i?
20
Suppose -l - 5*v + 11 = 2*l, -2*l - 3*v + 7 = 0. Suppose 0 = -0*k + l*k + 88. Let b = -8 - k. Calculate the highest common factor of b and 60.
12
Let b = 11473 - 5651. What is the greatest common divisor of b and 142?
142
Suppose 4*n - 344 = 4*c, 0*n + 5*c = 2*n - 160. What is the highest common divisor of n and 80?
10
Let l = 112 + -85. Let w be 0 - ((-159)/l - 13/117). Suppose m - 22 = 26. What is the greatest common divisor of w and m?
6
Let d be (609/261)/(1/72). Suppose -126*h = -132*h + d. What is the highest common factor of h and 14?
14
Suppose 32*l + 551 = 93*l - 1889. Calculate the greatest common factor of l and 544.
8
Let m be ((-1664)/91)/(-8) + 4/(-14). Let x = 27 - 9. Calculate the highest common divisor of x and m.
2
Let a(b) = -32*b - 8. Let f be a(-4). Suppose 2 = 7*t - 19. Suppose y - 5*v = f, -5*y + t*v + 2*v + 680 = 0. Calculate the highest common divisor of y and 35.
35
Let x = -43 + 45. Let p(u) = -19*u**3 + 12*u**3 + x - 22*u**3 + u**2 + 2*u. Let l be p(-1). Calculate the highest common divisor of 70 and l.
10
Suppose -17*d + 24*d - 1043 = 0. Let i = -126 + d. Let f = i + -8. Calculate the highest common divisor of f and 10.
5
Suppose 35*b - 13*b - 44 = 0. Let t(r) = 9*r - 6. Let x be t(5). Let q = x - 23. Calculate the greatest common divisor of q and b.
2
Let y be (-78)/10*(-75 - -20). What is the highest common divisor of 121 and y?
11
Let v(f) = f**2 + 13*f + 36. Let x be v(-6). Let y be x*((-360)/16)/15. Suppose -78 = -5*j - 3. Calculate the highest common divisor of j and y.
3
Let f = 1 - 0. Suppose 2*o + f = 13. Let p(n) = -n**2 + 76*n + 1487. Let w be p(-16). What is the highest common factor of o and w?
3
Suppose 18*a - 17*a + 5*d = 4474, -a + 4502 = -2*d. Calculate the greatest common divisor of 84 and a.
42
Let b(u) = 463*u - 2161. Let d be b(10). Calculate the highest common divisor of 6 and d.
3
Let s(b) = 98*b - 193. Let c be s(5). Calculate the highest common factor of c and 28809.
297
Let f = 6137 + -6085. Calculate the greatest common divisor of 1014 and f.
26
Let y(s) = -334*s + 2275. Let w be y(-26). What is the highest common factor of w and 13?
13
Let a be (0 - -8)/(3/(-2 - -8)). Suppose 4*p - 8 = 3*p. Calculate the greatest common factor of a and p.
8
Suppose 3*b = -2*w + 16, 2*w - 6 = -3*w + b. Let k = 0 - 0. Suppose k = -w*u + 2 + 4. What is the greatest common divisor of u and 27?
3
Let t = -296 + 201. Let l = t - -100. Calculate the greatest common factor of l and 3.
1
Suppose 90*w = 88*w. Let y be (-3)/3*1 - -3. Suppose 2*h - 134 = -2*i - w*h, y*i + 3*h = 135. What is the highest common factor of 33 and i?
33
Suppose -3*j + 11 = -3*v - 19, -4*j = v - 25. Suppose 2*y - 29 = -k - 0*k, -y + j = 3*k. Calculate the greatest common divisor of y and 16.
16
Let h = -1543 + 1641. What is the greatest common factor of 15386 and h?
98
Let k(v) = v**3 - 32*v**2 + 190*v + 54. Let m be k(24). Let x = 236 - 86. Calculate the highest common divisor of m and x.
